679 a composite number?
False
Is 1104773 a composite number?
True
Is 2913829 prime?
False
Is 2342477 prime?
False
Is 5194807 a prime number?
True
Is 33435217 a composite number?
False
Is 28705759 a prime number?
True
Is 493721 a prime number?
True
Is 4605889 a composite number?
True
Is 191674613 a prime number?
False
Is 515657 prime?
False
Is 52710683 composite?
False
Is 5975191 prime?
True
Is 9066011 a composite number?
False
Is 69725323 composite?
False
Is 7051361 composite?
False
Is 5610329 prime?
False
Is 121395093 composite?
True
Is 4287895 composite?
True
Is 68223247 composite?
True
Is 16637269 prime?
False
Is 1241243 a prime number?
True
Is 2201957 composite?
False
Is 1792573 prime?
False
Is 1543349 a composite number?
True
Is 804478 a prime number?
False
Is 29089303 prime?
True
Is 4194661 composite?
False
Is 28643 prime?
True
Is 1409791 composite?
False
Is 1513751 a composite number?
False
Is 1571 a composite number?
False
Is 1224527 a composite number?
True
Is 79288997 prime?
True
Is 2705351 a composite number?
True
Is 572023 a prime number?
True
Is 48162811 prime?
True
Is 31934377 a composite number?
False
Is 63241 prime?
True
Is 361069 a composite number?
False
Is 1933963 composite?
True
Is 42850783 a composite number?
False
Is 466324549 a composite number?
False
Is 2404795 composite?
True
Is 4894933 composite?
False
Is 371949 a prime number?
False
Is 12908057 a prime number?
True
Is 215064443 composite?
True
Is 15905243 composite?
False
Is 165956723 a composite number?
False
Is 54471229 a composite number?
False
Is 191990731 a prime number?
True
Is 695239 a prime number?
True
Is 986274163 prime?
False
Is 33893403 composite?
True
Is 96426091 a composite number?
True
Is 15095329 a composite number?
True
Is 1713323 a prime number?
False
Is 2183099 composite?
True
Is 5572439 a prime number?
True
Is 3230881 composite?
False
Is 148896961 prime?
False
Is 5205989 a prime number?
True
Is 181989397 a composite number?
False
Is 216217205 composite?
True
Is 6726049 a composite number?
True
Is 6223489 a composite number?
False
Is 1137373 composite?
True
Is 218078345 prime?
False
Is 13259735 prime?
False
Is 248397907 a composite number?
True
Is 34645822 composite?
True
Is 1070081 composite?
False
Is 7048765 a composite number?
True
Is 4461047 a composite number?
False
Is 14637109 prime?
True
Is 12217963 composite?
True
Is 1656367 a prime number?
True
Is 94585207 a prime number?
True
Is 4228967 prime?
False
Is 11176897 prime?
True
Is 3648301 prime?
True
Is 28541533 prime?
True
Is 134295701 prime?
True
Is 3444657 composite?
True
Is 663277 prime?
False
Is 1924441 prime?
False
Is 932957 a prime number?
False
Is 290791 composite?
False
Is 12082453 a prime number?
False
Is 2019317 a composite number?
False
Is 32213477 composite?
False
Is 141459995 a composite number?
True
Is 478960909 a prime number?
False
Is 408219169 prime?
True
Is 13447331 composite?
False
Is 1625667 a prime number?
False
Is 632769 prime?
False
Is 635563 a composite number?
False
Is 41565607 composite?
False
Is 7801195 a composite number?
True
Is 7474283 composite?
False
Is 108546667 prime?
True
Is 46987819 composite?
True
Is 24824993 a prime number?
True
Is 24457903 a prime number?
False
Is 12196139 a composite number?
True
Is 112499249 prime?
True
Is 22197169 composite?
False
Is 993473 prime?
False
Is 701908979 composite?
True
Is 209970623 composite?
False
Is 12429841 a prime number?
True
Is 38165893 prime?
True
Is 1349317 a prime number?
True
Is 268192807 composite?
False
Is 3590947 composite?
True
Is 487681 composite?
False
Is 50662409 composite?
True
Is 199643135 a prime number?
False
Is 38246239 a composite number?
False
Is 13519889 a prime number?
False
Is 25548823 prime?
True
Is 92965 composite?
True
Is 8879917 a prime number?
False
Is 4475603 prime?
False
Is 97881895 composite?
True
Is 2713019 composite?
False
Is 198969149 a prime number?
True
Is 545441 composite?
True
Is 6622541 a composite number?
False
Is 559792349 prime?
True
Is 1639037 prime?
False
Is 5535511 composite?
False
Is 868823651 a prime number?
True
Is 185417699 composite?
False
Is 80673797 a prime number?
True
Is 75704917 composite?
False
Is 9048763 a composite number?
False
Is 214914107 a composite number?
False
Is 885937913 prime?
False
Is 13848827 prime?
True
Is 23053493 composite?
False
Is 3664547 a composite number?
False
Is 507706 composite?
True
Is 489362369 a composite number?
True
Is 21314329 a prime number?
False
Is 450379 a prime number?
False
Is 12737141 prime?
False
Is 1962193 composite?
False
Is 234811783 composite?
True
Is 147962977 a composite number?
False
Is 499477511 a composite number?
True
Is 23148973 prime?
False
Is 11428069 prime?
True
Is 83479449 composite?
True
Is 42239 a prime number?
True
Is 178884971 a composite number?
False
Is 110240263 a composite number?
True
Is 55999367 a composite number?
False
Is 419837 composite?
True
Is 5199011 a prime number?
True
Is 396425921 a prime number?
False
Is 557203 prime?
False
Is 26454551 a composite number?
False
Is 150469547 a prime number?
True
Is 171949243 prime?
True
Is 3263077 prime?
True
Is 788471 composite?
True
Is 396157 a prime number?
True
Is 45132797 composite?
False
Is 678809 a prime number?
True
Is 18795919 prime?
True
Is 141671451 composite?
True
Is 3777641 prime?
False
Is 68712247 a prime number?
False
Is 4451357 a composite number?
False
Is 49699129 prime?
True
Is 26594707 composite?
False
Is 802469 a prime number?
False
Is 7533205 a composite number?
True
Is 17419379 a prime number?
True
Is 20334005 composite?
True
Is 7718641 composite?
True
Is 49882121 a prime number?
True
Is 2971693 composite?
False
Is 9766609 a composite number?
False
Is 8017729 a prime number?
False
Is 744221 a prime number?
True
Is 7001186 a prime number?
False
Is 21561217 a prime number?
False
Is 123355903 a composite number?
True
Is 110592473 a prime number?
True
Is 1618891 prime?
True
Is 19904789 a prime number?
True
Is 36125615 prime?
False
Is 904261 composite?
False
Is 14031401 prime?
True
Is 6012179 prime?
True
Is 294926993 a composite number?
False
Is 684910159 composite?
False
Is 3959 a composite number?
True
Is 24497009 prime?
False
Is 808778939 a composite number?
True
Is 14273783 composite?
False
Is 10966195 prime?
False
Is 22761439 a composite number?
False
Is 17610907 a composite number?
False
Is 376353799 composite?
False
Is 19294523 composite?
False
Is 38591219 a composite number?
False
Is 7928069 a composite number?
True
Is 4547302 a composite number?
True
Is 64221737 a composite number?
False
Is 9682107 composite?
True
Is 1008624041 prime?
True
Is 5850437 a prime number?
True
Is 165972297 composite?
True
Is 789149 prime?
True
Is 376541 a prime number?
False
Is 314358269 a prime number?
True
Is 9104441 composite?
True
Is 421159 a composite number?
False
Is 93985109 a prime number?
True
Is 12783326 composite?
True
Is 620159 prime?
True
Is 13230835 composite?
True
Is 519877597 composite?
False
Is 7967807 prime?
False
Is 178551883 a prime number?
False
Is 5265895 composite?
True
Is 21253873 a prime number?
False
Is 21302585 a prime number?
False
Is 3182881 composite?
True
Is 15551065 composite?
True
Is 58920529 composite?
False
Is 56462009 composite?
False
Is 39571267 a composite number?
True
Is 7930757 prime?
True
Is 253927 composite?
True
Is 433691 composite?
True
Is 1218533 composite?
False
Is 315800171 prime?
False
Is 938471 composite?
True
Is 45916747 a composite number?
False
Is 260943 composite?
True
Is 1336947 a composite number?
True
Is 293857 a prime number?
False
Is 1308647 a prime number?
True
Is 8670461 composite?
True
Is 4967269 prime?
False
Is 54394247 prime?
False
Is 1405039 a composite number?
False
Is 4507207 a composite number?
True
Is 33467405 composite?
True
Is 8243731 prime?
True
Is 8294523 a composite number?
True
Is 21529439 a prime number?
False
Is 517151 a composite number?
False
Is 234275973 a prime number?
False
Is 27060491 composite?
False
Is 323622577 composite?
False
Is 1689433 a prime number?
False
Is 1700662 composite?
True
Is 1323851 a prime number?
True
Is 64598617 a composite number?
False
Is 1381251 a composite number?
True
Is 96557 a composite number?
False
Is 1160063 composite?
True
Is 155104291 p